{"id":5607,"date":"2023-12-07T13:53:50","date_gmt":"2023-12-07T18:53:50","guid":{"rendered":"https:\/\/dynamowl.com\/new\/?page_id=5607"},"modified":"2023-12-19T20:19:17","modified_gmt":"2023-12-20T01:19:17","slug":"consultoria-logistica","status":"publish","type":"page","link":"https:\/\/dynamowl.com\/new\/consultoria-logistica\/","title":{"rendered":"CONSULTOR\u00cdA LOG\u00cdSTICA"},"content":{"rendered":"\t\t<div data-elementor-type=\"wp-page\" data-elementor-id=\"5607\" class=\"elementor elementor-5607\" data-elementor-post-type=\"page\">\n\t\t\t\t<div class=\"elementor-element elementor-element-79e0238 e-flex e-con-boxed e-con e-parent\" data-id=\"79e0238\" data-element_type=\"container\" data-e-type=\"container\" data-settings=\"{&quot;background_background&quot;:&quot;classic&quot;}\">\n\t\t\t\t\t<div class=\"e-con-inner\">\n\t\t\t\t<div class=\"elementor-element elementor-element-1dc01a5 elementor-widget elementor-widget-heading\" data-id=\"1dc01a5\" data-element_type=\"widget\" data-e-type=\"widget\" data-widget_type=\"heading.default\">\n\t\t\t\t\t<h2 class=\"elementor-heading-title elementor-size-default\">CONSULTOR\u00cdA LOG\u00cdSTICA<\/h2>\t\t\t\t<\/div>\n\t\t\t\t\t<\/div>\n\t\t\t\t<\/div>\n\t\t<div class=\"elementor-element elementor-element-020a890 e-flex e-con-boxed e-con e-parent\" data-id=\"020a890\" data-element_type=\"container\" data-e-type=\"container\">\n\t\t\t\t\t<div class=\"e-con-inner\">\n\t\t<div class=\"elementor-element elementor-element-62086b6 e-con-full e-flex e-con e-parent\" data-id=\"62086b6\" data-element_type=\"container\" data-e-type=\"container\">\n\t\t\t\t<div class=\"elementor-element elementor-element-285c285 elementor-widget elementor-widget-text-editor\" data-id=\"285c285\" data-element_type=\"widget\" data-e-type=\"widget\" data-widget_type=\"text-editor.default\">\n\t\t\t\t\t\t\t\t\t<ul><li style=\"font-weight: 400;\">An\u00e1lisis de Data \u00a0 \u00a0 \u00a0 \u00a0 \u00a0 \u00a0 \u00a0 \u00a0 \u00a0 \u00a0 \u00a0 \u00a0<\/li><li style=\"font-weight: 400;\">Inteligencia de Negocios\u00a0<\/li><li style=\"font-weight: 400;\">Estudios de Ruta \u00a0 \u00a0 \u00a0 \u00a0 \u00a0 \u00a0 \u00a0 \u00a0 \u00a0 \u00a0 \u00a0 \u00a0<\/li><li style=\"font-weight: 400;\">Estudios de Tr\u00e1fico \u00a0 \u00a0 \u00a0 \u00a0 \u00a0 \u00a0 \u00a0 \u00a0 \u00a0 \u00a0 \u00a0 \u00a0 \u00a0 \u00a0 \u00a0 \u00a0<\/li><li style=\"font-weight: 400;\">Planes de Transporte \u00a0 \u00a0 \u00a0 \u00a0 \u00a0 \u00a0 \u00a0 \u00a0 \u00a0 \u00a0 \u00a0 \u00a0 \u00a0 \u00a0<\/li><li style=\"font-weight: 400;\">Planes de Contingencia<\/li><li style=\"font-weight: 400;\">Estudio de Puertos y Aeropuertos \u00a0 \u00a0 \u00a0 \u00a0 \u00a0 \u00a0<\/li><li style=\"font-weight: 400;\">Formulaci\u00f3n de presupuestos Log\u00edsticos \u00a0 \u00a0<\/li><li style=\"font-weight: 400;\">Flujos de Caja de Servicios Log\u00edsticos \u00a0 \u00a0 \u00a0<\/li><li style=\"font-weight: 400;\">Capacitaci\u00f3n en temas de Log\u00edstica \u00a0 \u00a0 \u00a0 \u00a0 \u00a0<\/li><li style=\"font-weight: 400;\">Simposios Log\u00edsticos \u00a0 \u00a0 \u00a0 \u00a0 \u00a0 \u00a0 \u00a0 \u00a0 \u00a0 \u00a0 \u00a0 \u00a0 \u00a0 \u00a0<\/li><li style=\"font-weight: 400;\">Desarrollo de sistemas de informaci\u00f3n personalizados para la Log\u00edstica<\/li><li style=\"font-weight: 400;\">Metodolog\u00eda de cierre de \u00f3rdenes de compra\u00a0 \u00a0 \u00a0 \u00a0\u00a0<\/li><\/ul>\t\t\t\t\t\t\t\t<\/div>\n\t\t\t\t<\/div>\n\t\t<div class=\"elementor-element elementor-element-e915cb7 e-con-full e-flex e-con e-parent\" data-id=\"e915cb7\" data-element_type=\"container\" data-e-type=\"container\">\n\t\t\t\t<div class=\"elementor-element elementor-element-bce9440 elementor-widget__width-initial elementor-widget-tablet__width-inherit elementor-widget elementor-widget-image\" data-id=\"bce9440\" data-element_type=\"widget\" data-e-type=\"widget\" data-widget_type=\"image.default\">\n\t\t\t\t\t\t\t\t\t\t\t\t\t\t\t<img fetchpriority=\"high\" decoding=\"async\" width=\"1000\" height=\"667\" src=\"https:\/\/dynamowl.com\/new\/wp-content\/uploads\/2023\/04\/SERVICIOSENORIGEN.jpg\" class=\"attachment-2048x2048 size-2048x2048 wp-image-6305\" alt=\"SERVICIOS EN ORIGEN\" srcset=\"https:\/\/dynamowl.com\/new\/wp-content\/uploads\/2023\/04\/SERVICIOSENORIGEN.jpg 1000w, https:\/\/dynamowl.com\/new\/wp-content\/uploads\/2023\/04\/SERVICIOSENORIGEN-300x200.jpg 300w, https:\/\/dynamowl.com\/new\/wp-content\/uploads\/2023\/04\/SERVICIOSENORIGEN-768x512.jpg 768w\" sizes=\"(max-width: 1000px) 100vw, 1000px\" \/>\t\t\t\t\t\t\t\t\t\t\t\t\t\t\t<\/div>\n\t\t\t\t<\/div>\n\t\t\t\t\t<\/div>\n\t\t\t\t<\/div>\n\t\t\t\t<\/div>\n\t\t","protected":false},"excerpt":{"rendered":"<p>CONSULTOR\u00cdA LOG\u00cdSTICA An\u00e1lisis de Data \u00a0 \u00a0 \u00a0 \u00a0 \u00a0 \u00a0 \u00a0 \u00a0 \u00a0 \u00a0 \u00a0 \u00a0 Inteligencia de Negocios\u00a0 Estudios de Ruta \u00a0 \u00a0 \u00a0 \u00a0 \u00a0 \u00a0 \u00a0 \u00a0 \u00a0 \u00a0 \u00a0 \u00a0 Estudios de Tr\u00e1fico \u00a0 \u00a0 \u00a0 \u00a0 \u00a0 \u00a0 \u00a0 \u00a0 \u00a0 \u00a0 \u00a0 \u00a0 \u00a0 \u00a0 \u00a0 \u00a0 Planes [&hellip;]<\/p>\n","protected":false},"author":1,"featured_media":0,"parent":0,"menu_order":0,"comment_status":"closed","ping_status":"closed","template":"","meta":{"footnotes":""},"categories":[],"tags":[94],"class_list":["post-5607","page","type-page","status-publish","hentry","tag-es"],"_links":{"self":[{"href":"https:\/\/dynamowl.com\/new\/wp-json\/wp\/v2\/pages\/5607","targetHints":{"allow":["GET"]}}],"collection":[{"href":"https:\/\/dynamowl.com\/new\/wp-json\/wp\/v2\/pages"}],"about":[{"href":"https:\/\/dynamowl.com\/new\/wp-json\/wp\/v2\/types\/page"}],"author":[{"embeddable":true,"href":"https:\/\/dynamowl.com\/new\/wp-json\/wp\/v2\/users\/1"}],"replies":[{"embeddable":true,"href":"https:\/\/dynamowl.com\/new\/wp-json\/wp\/v2\/comments?post=5607"}],"version-history":[{"count":94,"href":"https:\/\/dynamowl.com\/new\/wp-json\/wp\/v2\/pages\/5607\/revisions"}],"predecessor-version":[{"id":10077,"href":"https:\/\/dynamowl.com\/new\/wp-json\/wp\/v2\/pages\/5607\/revisions\/10077"}],"wp:attachment":[{"href":"https:\/\/dynamowl.com\/new\/wp-json\/wp\/v2\/media?parent=5607"}],"wp:term":[{"taxonomy":"category","embeddable":true,"href":"https:\/\/dynamowl.com\/new\/wp-json\/wp\/v2\/categories?post=5607"},{"taxonomy":"post_tag","embeddable":true,"href":"https:\/\/dynamowl.com\/new\/wp-json\/wp\/v2\/tags?post=5607"}],"curies":[{"name":"wp","href":"https:\/\/api.w.org\/{rel}","templated":true}]}}